{"id":136,"date":"2014-05-31T18:10:29","date_gmt":"2014-05-31T18:10:29","guid":{"rendered":"http:\/\/demo.themegrill.com\/accelerate\/?page_id=136"},"modified":"2014-05-31T18:10:29","modified_gmt":"2014-05-31T18:10:29","slug":"left-sidebar","status":"publish","type":"page","link":"https:\/\/new.zaluzie-usti.cz\/?page_id=136","title":{"rendered":"Left Sidebar"},"content":{"rendered":"<p class=\"paragraph ng-attr-widget\"><span class=\"ng-directive ng-binding\">Marzipan chocolate bar jelly pudding toffee marzipan croissant drag\u00e9e. Marzipan muffin candy canes apple pie cotton candy tiramisu croissant. Chupa chups lemon drops ice cream.<\/span><\/p>\n<p class=\"paragraph ng-attr-widget\"><span class=\"ng-directive ng-binding\">Gummi bears carrot cake sweet roll chocolate lollipop lollipop. Gummies topping brownie unerdwear.com chupa chups. Carrot cake cookie chocolate carrot cake jujubes carrot cake. Bear claw cotton candy bear claw candy marshmallow dessert biscuit drag\u00e9e tiramisu.<\/span><\/p>\n<p class=\"paragraph ng-attr-widget\"><span class=\"ng-directive ng-binding\">Bear claw sweet sweet candy canes. Apple pie jelly carrot cake apple pie. Souffl\u00e9 pastry caramels jujubes ice cream marshmallow. Gummies bear claw marshmallow toffee danish chocolate bar cheesecake.<\/span><\/p>\n<p class=\"paragraph ng-attr-widget\"><span class=\"ng-directive ng-binding\">Marshmallow jujubes bonbon marzipan icing oat cake. Pie toffee toffee macaroon fruitcake cotton candy jelly-o topping. Gummies cotton candy cupcake fruitcake jujubes.<\/span><\/p>\n<p class=\"paragraph ng-attr-widget\"><span class=\"ng-directive ng-binding\">Topping tootsie roll carrot cake candy canes. Liquorice sesame snaps jujubes jelly tart liquorice caramels sugar plum bonbon. Brownie pie chupa chups jelly beans chocolate bar marzipan. Lollipop chupa chups jelly beans cookie.<\/span><\/p>\n","protected":false},"excerpt":{"rendered":"<p>Marzipan chocolate bar jelly pudding toffee marzipan croissant drag\u00e9e. Marzipan muffin candy canes apple pie cotton candy tiramisu croissant. Chupa chups lemon drops ice cream. Gummi bears carrot cake sweet roll chocolate lollipop lollipop. Gummies topping brownie unerdwear.com chupa chups.<\/p>\n","protected":false},"author":1,"featured_media":0,"parent":0,"menu_order":0,"comment_status":"closed","ping_status":"closed","template":"","meta":{"footnotes":""},"class_list":["post-136","page","type-page","status-publish","hentry"],"yoast_head":"<!-- This site is optimized with the Yoast SEO plugin v19.6.1 - https:\/\/yoast.com\/wordpress\/plugins\/seo\/ -->\n<title>Left Sidebar - \u017daluzie \u00dast\u00ed nad Labem - Pavel Jiskra<\/title>\n<meta name=\"robots\" content=\"index, follow, max-snippet:-1, max-image-preview:large, max-video-preview:-1\" \/>\n<link rel=\"canonical\" href=\"https:\/\/new.zaluzie-usti.cz\/?page_id=136\" \/>\n<meta property=\"og:locale\" content=\"cs_CZ\" \/>\n<meta property=\"og:type\" content=\"article\" \/>\n<meta property=\"og:title\" content=\"Left Sidebar - \u017daluzie \u00dast\u00ed nad Labem - Pavel Jiskra\" \/>\n<meta property=\"og:description\" content=\"Marzipan chocolate bar jelly pudding toffee marzipan croissant drag\u00e9e. Marzipan muffin candy canes apple pie cotton candy tiramisu croissant. Chupa chups lemon drops ice cream. Gummi bears carrot cake sweet roll chocolate lollipop lollipop. Gummies topping brownie unerdwear.com chupa chups.\" \/>\n<meta property=\"og:url\" content=\"https:\/\/new.zaluzie-usti.cz\/?page_id=136\" \/>\n<meta property=\"og:site_name\" content=\"\u017daluzie \u00dast\u00ed nad Labem - Pavel Jiskra\" \/>\n<meta name=\"twitter:card\" content=\"summary_large_image\" \/>\n<meta name=\"twitter:label1\" content=\"Odhadovan\u00e1 doba \u010dten\u00ed\" \/>\n\t<meta name=\"twitter:data1\" content=\"1 minuta\" \/>\n<script type=\"application\/ld+json\" class=\"yoast-schema-graph\">{\"@context\":\"https:\/\/schema.org\",\"@graph\":[{\"@type\":\"WebPage\",\"@id\":\"https:\/\/new.zaluzie-usti.cz\/?page_id=136\",\"url\":\"https:\/\/new.zaluzie-usti.cz\/?page_id=136\",\"name\":\"Left Sidebar - \u017daluzie \u00dast\u00ed nad Labem - Pavel Jiskra\",\"isPartOf\":{\"@id\":\"https:\/\/new.zaluzie-usti.cz\/#website\"},\"datePublished\":\"2014-05-31T18:10:29+00:00\",\"dateModified\":\"2014-05-31T18:10:29+00:00\",\"breadcrumb\":{\"@id\":\"https:\/\/new.zaluzie-usti.cz\/?page_id=136#breadcrumb\"},\"inLanguage\":\"cs\",\"potentialAction\":[{\"@type\":\"ReadAction\",\"target\":[\"https:\/\/new.zaluzie-usti.cz\/?page_id=136\"]}]},{\"@type\":\"BreadcrumbList\",\"@id\":\"https:\/\/new.zaluzie-usti.cz\/?page_id=136#breadcrumb\",\"itemListElement\":[{\"@type\":\"ListItem\",\"position\":1,\"name\":\"Dom\u016f\",\"item\":\"https:\/\/new.zaluzie-usti.cz\/\"},{\"@type\":\"ListItem\",\"position\":2,\"name\":\"Left Sidebar\"}]},{\"@type\":\"WebSite\",\"@id\":\"https:\/\/new.zaluzie-usti.cz\/#website\",\"url\":\"https:\/\/new.zaluzie-usti.cz\/\",\"name\":\"\u017daluzie \u00dast\u00ed nad Labem - Pavel Jiskra\",\"description\":\"\u017daluzie, rolety, s\u00edt\u011b proti hmyzu\",\"potentialAction\":[{\"@type\":\"SearchAction\",\"target\":{\"@type\":\"EntryPoint\",\"urlTemplate\":\"https:\/\/new.zaluzie-usti.cz\/?s={search_term_string}\"},\"query-input\":\"required name=search_term_string\"}],\"inLanguage\":\"cs\"}]}<\/script>\n<!-- \/ Yoast SEO plugin. -->","yoast_head_json":{"title":"Left Sidebar - \u017daluzie \u00dast\u00ed nad Labem - Pavel Jiskra","robots":{"index":"index","follow":"follow","max-snippet":"max-snippet:-1","max-image-preview":"max-image-preview:large","max-video-preview":"max-video-preview:-1"},"canonical":"https:\/\/new.zaluzie-usti.cz\/?page_id=136","og_locale":"cs_CZ","og_type":"article","og_title":"Left Sidebar - \u017daluzie \u00dast\u00ed nad Labem - Pavel Jiskra","og_description":"Marzipan chocolate bar jelly pudding toffee marzipan croissant drag\u00e9e. Marzipan muffin candy canes apple pie cotton candy tiramisu croissant. Chupa chups lemon drops ice cream. Gummi bears carrot cake sweet roll chocolate lollipop lollipop. Gummies topping brownie unerdwear.com chupa chups.","og_url":"https:\/\/new.zaluzie-usti.cz\/?page_id=136","og_site_name":"\u017daluzie \u00dast\u00ed nad Labem - Pavel Jiskra","twitter_card":"summary_large_image","twitter_misc":{"Odhadovan\u00e1 doba \u010dten\u00ed":"1 minuta"},"schema":{"@context":"https:\/\/schema.org","@graph":[{"@type":"WebPage","@id":"https:\/\/new.zaluzie-usti.cz\/?page_id=136","url":"https:\/\/new.zaluzie-usti.cz\/?page_id=136","name":"Left Sidebar - \u017daluzie \u00dast\u00ed nad Labem - Pavel Jiskra","isPartOf":{"@id":"https:\/\/new.zaluzie-usti.cz\/#website"},"datePublished":"2014-05-31T18:10:29+00:00","dateModified":"2014-05-31T18:10:29+00:00","breadcrumb":{"@id":"https:\/\/new.zaluzie-usti.cz\/?page_id=136#breadcrumb"},"inLanguage":"cs","potentialAction":[{"@type":"ReadAction","target":["https:\/\/new.zaluzie-usti.cz\/?page_id=136"]}]},{"@type":"BreadcrumbList","@id":"https:\/\/new.zaluzie-usti.cz\/?page_id=136#breadcrumb","itemListElement":[{"@type":"ListItem","position":1,"name":"Dom\u016f","item":"https:\/\/new.zaluzie-usti.cz\/"},{"@type":"ListItem","position":2,"name":"Left Sidebar"}]},{"@type":"WebSite","@id":"https:\/\/new.zaluzie-usti.cz\/#website","url":"https:\/\/new.zaluzie-usti.cz\/","name":"\u017daluzie \u00dast\u00ed nad Labem - Pavel Jiskra","description":"\u017daluzie, rolety, s\u00edt\u011b proti hmyzu","potentialAction":[{"@type":"SearchAction","target":{"@type":"EntryPoint","urlTemplate":"https:\/\/new.zaluzie-usti.cz\/?s={search_term_string}"},"query-input":"required name=search_term_string"}],"inLanguage":"cs"}]}},"_links":{"self":[{"href":"https:\/\/new.zaluzie-usti.cz\/index.php?rest_route=\/wp\/v2\/pages\/136","targetHints":{"allow":["GET"]}}],"collection":[{"href":"https:\/\/new.zaluzie-usti.cz\/index.php?rest_route=\/wp\/v2\/pages"}],"about":[{"href":"https:\/\/new.zaluzie-usti.cz\/index.php?rest_route=\/wp\/v2\/types\/page"}],"author":[{"embeddable":true,"href":"https:\/\/new.zaluzie-usti.cz\/index.php?rest_route=\/wp\/v2\/users\/1"}],"replies":[{"embeddable":true,"href":"https:\/\/new.zaluzie-usti.cz\/index.php?rest_route=%2Fwp%2Fv2%2Fcomments&post=136"}],"version-history":[{"count":0,"href":"https:\/\/new.zaluzie-usti.cz\/index.php?rest_route=\/wp\/v2\/pages\/136\/revisions"}],"wp:attachment":[{"href":"https:\/\/new.zaluzie-usti.cz\/index.php?rest_route=%2Fwp%2Fv2%2Fmedia&parent=136"}],"curies":[{"name":"wp","href":"https:\/\/api.w.org\/{rel}","templated":true}]}}